{"id":337,"date":"2024-06-02T11:28:59","date_gmt":"2024-06-02T09:28:59","guid":{"rendered":"https:\/\/appelpourdesforetsvivantes.org\/?page_id=337"},"modified":"2024-06-02T13:43:54","modified_gmt":"2024-06-02T11:43:54","slug":"inscrivez-vous","status":"publish","type":"page","link":"https:\/\/appelpourdesforetsvivantes.org\/","title":{"rendered":"Pour participer"},"content":{"rendered":"\n<p>Remplissez le formulaire pour participer \u00e0 l&rsquo;Assembl\u00e9e pour les for\u00eats vivantes qui aura lieu \u00e0 Roy\u00e8re de Vassivi\u00e8re du 27 au 30 juin.<\/p>\n\n\n\n<p><a href=\"https:\/\/framaforms.org\/inscriptions-2024-1709298375\">Je m&rsquo;inscris<\/a><\/p>\n","protected":false},"excerpt":{"rendered":"<p>Remplissez le formulaire pour participer \u00e0 l&rsquo;Assembl\u00e9e pour les for\u00eats vivantes qui aura lieu \u00e0 Roy\u00e8re de Vassivi\u00e8re du 27 au 30 juin. Je m&rsquo;inscris<\/p>\n","protected":false},"author":1,"featured_media":0,"parent":0,"menu_order":0,"comment_status":"closed","ping_status":"closed","template":"","meta":{"footnotes":""},"class_list":["post-337","page","type-page","status-publish","hentry"],"_links":{"self":[{"href":"https:\/\/appelpourdesforetsvivantes.org\/index.php\/wp-json\/wp\/v2\/pages\/337","targetHints":{"allow":["GET"]}}],"collection":[{"href":"https:\/\/appelpourdesforetsvivantes.org\/index.php\/wp-json\/wp\/v2\/pages"}],"about":[{"href":"https:\/\/appelpourdesforetsvivantes.org\/index.php\/wp-json\/wp\/v2\/types\/page"}],"author":[{"embeddable":true,"href":"https:\/\/appelpourdesforetsvivantes.org\/index.php\/wp-json\/wp\/v2\/users\/1"}],"replies":[{"embeddable":true,"href":"https:\/\/appelpourdesforetsvivantes.org\/index.php\/wp-json\/wp\/v2\/comments?post=337"}],"version-history":[{"count":4,"href":"https:\/\/appelpourdesforetsvivantes.org\/index.php\/wp-json\/wp\/v2\/pages\/337\/revisions"}],"predecessor-version":[{"id":363,"href":"https:\/\/appelpourdesforetsvivantes.org\/index.php\/wp-json\/wp\/v2\/pages\/337\/revisions\/363"}],"wp:attachment":[{"href":"https:\/\/appelpourdesforetsvivantes.org\/index.php\/wp-json\/wp\/v2\/media?parent=337"}],"curies":[{"name":"wp","href":"https:\/\/api.w.org\/{rel}","templated":true}]}}

<p>Remplissez le formulaire pour participer à l&rsquo;Assemblée pour les forêts vivantes qui aura lieu à Royère de Vassivière du 27 au 30 juin.</p>



<p><a href="https://framaforms.org/inscriptions-2024-1709298375">Je m&rsquo;inscris</a></p>

<p>Remplissez le formulaire pour participer à l&rsquo;Assemblée pour les forêts vivantes qui aura lieu à Royère de Vassivière du 27 au 30 juin. Je m&rsquo;inscris</p>
